3, 61, 919
List the prime factors of 298785.
3, 5, 19919
What are the prime factors of 252315?
3, 5, 7, 89
List the prime factors of 33818.
2, 37, 457
What are the prime factors of 12466?
2, 23, 271
List the prime factors of 137299.
31, 43, 103
What are the prime factors of 494610?
2, 3, 5, 16487
What are the prime factors of 61095?
3, 5, 4073
What are the prime factors of 99956?
2, 24989
List the prime factors of 2820076.
2, 7, 23, 29, 151
List the prime factors of 2011649.
23, 149, 587
List the prime factors of 812262.
2, 3, 11, 31, 397
What are the prime factors of 198012?
2, 3, 29, 569
What are the prime factors of 102403?
7, 14629
What are the prime factors of 2567137?
797, 3221
What are the prime factors of 1598770?
2, 5, 29, 37, 149
What are the prime factors of 96221?
96221
List the prime factors of 225720.
2, 3, 5, 11, 19
List the prime factors of 7705735.
5, 19, 29, 2797
List the prime factors of 18964557.
3, 702391
List the prime factors of 599464.
2, 74933
What are the prime factors of 13205704?
2, 137, 12049
List the prime factors of 13896925.
5, 7, 79411
List the prime factors of 2263789.
11, 53, 353
List the prime factors of 216518.
2, 73, 1483
What are the prime factors of 7625922?
2, 3, 37, 34351
What are the prime factors of 172544?
2, 337
What are the prime factors of 42106?
2, 37, 569
What are the prime factors of 5786080?
2, 5, 29, 43
What are the prime factors of 11135721?
3, 3711907
List the prime factors of 6678.
2, 3, 7, 53
What are the prime factors of 1511371?
1511371
List the prime factors of 933418.
2, 83, 5623
What are the prime factors of 5177013?
3, 1725671
What are the prime factors of 10685040?
2, 3, 5, 211
List the prime factors of 349641.
3, 53, 733
List the prime factors of 21230178.
2, 3, 17, 208139
List the prime factors of 68762.
2, 34381
List the prime factors of 8968685.
5, 11, 29, 5623
List the prime factors of 1257613.
7, 179659
List the prime factors of 82630.
2, 5, 8263
List the prime factors of 4717221.
3, 1572407
What are the prime factors of 37345819?
7, 5335117
List the prime factors of 13920367.
13920367
What are the prime factors of 1956152?
2, 11, 22229
List the prime factors of 1477892.
2, 13, 97, 293
What are the prime factors of 2205735?
3, 5, 7, 3001
What are the prime factors of 92979?
3, 10331
What are the prime factors of 262189?
29, 9041
What are the prime factors of 7473862?
2, 11, 383, 887
List the prime factors of 3375652.
2, 7, 31, 3889
List the prime factors of 1213649.
103, 11783
What are the prime factors of 590558?
2, 19, 15541
List the prime factors of 395775.
3, 5, 1759
List the prime factors of 86514.
2, 3, 14419
What are the prime factors of 1729942?
2, 79, 10949
What are the prime factors of 3519368?
2, 23, 31, 617
List the prime factors of 392100.
2, 3, 5, 1307
List the prime factors of 29205560.
2, 5, 730139
List the prime factors of 9070842.
2, 3, 11, 137437
List the prime factors of 63526.
2, 23, 1381
What are the prime factors of 585807?
3, 31, 6299
List the prime factors of 5574360.
2, 3, 5, 11, 41, 103
List the prime factors of 12944769.
3, 17, 253819
What are the prime factors of 5791403?
5791403
List the prime factors of 14906219.
83, 179593
List the prime factors of 238065.
3, 5, 59, 269
List the prime factors of 4040913.
3, 1346971
What are the prime factors of 634787?
31, 20477
What are the prime factors of 3864921?
3, 1288307
List the prime factors of 520296.
2, 3, 7, 19, 163
What are the prime factors of 7115618?
2, 37, 96157
List the prime factors of 494599.
7, 70657
What are the prime factors of 17870236?
2, 4467559
List the prime factors of 1238215.
5, 11, 47, 479
List the prime factors of 402364.
2, 100591
List the prime factors of 7682295.
3, 5, 673, 761
What are the prime factors of 2338063?
7, 13, 25693
List the prime factors of 13193305.
5, 67, 39383
List the prime factors of 5100815.
5, 1020163
List the prime factors of 5019117.
3, 29, 31, 1861
List the prime factors of 1920567.
3, 11, 58199
What are the prime factors of 4872431?
4872431
List the prime factors of 153185.
5, 30637
List the prime factors of 1342081.
13, 103237
What are the prime factors of 560972?
2, 59, 2377
List the prime factors of 20299707.
3, 751841
What are the prime factors of 4443584?
2, 69431
What are the prime factors of 14513852?
2, 17, 61, 3499
What are the prime factors of 157354?
2, 29, 2713
What are the prime factors of 187551?
3, 7, 13, 229
What are the prime factors of 1001150?
2, 5, 20023
List the prime factors of 417254.
2, 208627
List the prime factors of 1925068.
2, 113, 4259
What are the prime factors of 15711526?
2, 61, 89, 1447
List the prime factors of 150284.
2, 37571
What are the prime factors of 685679?
685679
What are the prime factors of 10759570?
2, 5, 1075957
What are the prime factors of 29587567?
29587567
List the prime factors of 42760258.
2, 21380129
List the prime factors of 83550.
2, 3, 5, 557
List the prime factors of 222706.
2, 11, 53, 191
What are the prime factors of 1809981?
3, 83, 2423
What are the prime factors of 8514439?
23, 370193
List the prime factors of 171606.
2, 3, 37, 773
List the prime factors of 28835934.
2, 3, 1567, 3067
What are the prime factors of 4747717?
13, 2161
List the prime factors of 2379.
3, 13, 61
List the prime factors of 1023437.
547, 1871
What are the prime factors of 381793?
381793
List the prime factors of 706499.
706499
What are the prime factors of 59757?
3, 19919
What are the prime factors of 22908627?
3, 7, 41, 181
List the prime factors of 1172519.
53, 22123
What are the prime factors of 1312040?
2, 5, 32801
What are the prime factors of 4498666?
2, 97, 23189
List the prime factors of 1197388.
2, 467, 641
What are the prime factors of 3460096?
2, 31, 109
List the prime factors of 115589.
115589
What are the prime factors of 10544816?
2, 353, 1867
List the prime factors of 14839.
11, 19, 71
What are the prime factors of 6061472?
2, 189421
What are the prime factors of 105318?
2, 3, 5851
What are the prime factors of 4051211?
101, 40111
List the prime factors of 112421.
17, 389
List the prime factors of 1133732.
2, 31, 41, 223
What are the prime factors of 96509?
7, 17, 811
What are the prime factors of 416396?
2, 41, 2539
List the prime factors of 90289.
90289
What are the prime factors of 1084603?
13, 83431
What are the prime factors of 385225?
5, 19, 811
What are the prime factors of 352223?
17, 20719
What are the prime factors of 59424?
2, 3, 619
List the prime factors of 299794.
2, 11, 13627
List the prime factors of 9353215.
5, 1870643
What are the prime factors of 1304381?
13, 269, 373
What are the prime factors of 173158?
2, 86579
List the prime factors of 133975.
5, 23, 233
What are the prime factors of 833766?
2, 3, 79, 1759
What are the prime factors of 1614875?
5, 12919
What are the prime factors of 143548?
2, 17, 2111
What are the prime factors of 6999535?
5, 71, 19717
What are the prime factors of 28784?
2, 7, 257
What are the prime factors of 2363120?
2, 5, 109, 271
List the prime factors of 113321.
13, 23, 379
What are the prime factors of 379426?
2, 189713
What are the prime factors of 1977019?
11, 16339
List the prime factors of 247824.
2, 3, 1721
List the prime factors of 1100100.
2, 3, 5, 19, 193
What are the prime factors of 268416?
2, 3, 233
List the prime factors of 128356.
2, 32089
What are the prime factors of 2770135?
5, 79, 7013
What are the prime factors of 1498196?
2, 7, 53507
What are the prime factors of 717513?
3, 239171
What are the prime factors of 238479?
3, 79493
What are the prime factors of 5079812?
2, 1269953
List the prime factors of 1783484.
2, 445871
List the prime factors of 9514916.
2, 23, 103423
What are the prime factors of 123387?
3, 11, 3739
What are the prime factors of 1724404?
2, 11, 39191
What are the prime factors of 19125237?
3, 6375079
List the prime factors of 554006.
2, 277003
What are the prime factors of 8260050?
2, 3, 5, 53, 1039
List the prime factors of 3292672.
2, 59, 109
What are the prime factors of 282481?
282481
List the prime factors of 522767.
7, 17, 23, 191
List the prime factors of 14804334.
2, 3, 61, 97, 139
List the prime factors of 159630.
2, 3, 5, 17, 313
List the prime factors of 7311.
3, 2437
List the prime factors of 3621584.
